 16) to base 12.
112a2
What is 56 (base 15) in base 14?
5b
-101100111010 (base 2) to base 4
-230322
What is -1033 (base 4) in base 14?
-59
Convert 1427 (base 14) to base 10.
3563
What is -3a3 (base 13) in base 15?
-2ca
-47526 (base 8) to base 9
-30766
What is 300024 (base 6) in base 14?
8716
2a3 (base 11) to base 2
101100011
-11010 (base 2) to base 3
-222
What is 34401 (base 5) in base 14?
c8c
-51103 (base 6) to base 8
-15117
3450 (base 15) to base 3
120020010
-d1d (base 14) to base 9
-3471
What is -1882 (base 12) in base 11?
-2268
-122d (base 14) to base 12
-1a09
202 (base 3) to base 4
110
What is -8752 (base 10) in base 9?
-13004
212202 (base 3) to base 2
1010000001
-7a (base 14) to base 8
-154
Convert -18132 (base 9) to base 6.
-133515
-33466 (base 7) to base 6
-103124
What is -40001 (base 6) in base 14?
-1c65
3115 (base 11) to base 13
1b59
12308 (base 12) to base 6
310012
-396 (base 13) to base 9
-770
Convert 5451 (base 7) to base 6.
13003
Convert -2544 (base 6) to base 14.
-33a
What is -114421 (base 5) in base 3?
-12222112
What is 307 (base 16) in base 7?
2155
What is -1099a (base 11) in base 15?
-4a5e
101101000110 (base 2) to base 10
2886
1101124 (base 5) to base 14
6c70
-18786 (base 13) to base 9
-72050
-12a (base 12) to base 11
-152
Convert 56a3 (base 11) to base 4.
1311012
-4d7 (base 16) to base 7
-3420
Convert 5a887 (base 11) to base 14.
23cb8
Convert -14431 (base 5) to base 15.
-57b
-10130200 (base 4) to base 12
-a654
Convert 1010001000 (base 2) to base 3.
220000
What is 5992 (base 13) in base 3?
122022121
Convert -1102221 (base 3) to base 16.
-41b
What is -662 (base 12) in base 14?
-4b0
-25244 (base 6) to base 5
-110042
What is -28732 (base 9) in base 3?
-222211002
What is 1010011110100 (base 2) in base 15?
18c9
Convert -11111222 (base 3) to base 9.
-4458
-7cb (base 13) to base 11
-1018
424 (base 6) to base 8
240
Convert -35186 (base 10) to base 2.
-1000100101110010
Convert -398 (base 10) to base 5.
-3043
Convert 10000110100011 (base 2) to base 5.
233421
-1335 (base 10) to base 8
-2467
Convert 7620 (base 10) to base 9.
11406
-31430 (base 5) to base 6
-13443
What is -6694 (base 15) in base 11?
-15373
Convert 62 (base 12) to base 11.
68
What is 4104 (base 5) in base 4?
20101
Convert 31210 (base 4) to base 7.
2350
-1022323 (base 5) to base 7
-101120
What is -22110122 (base 3) in base 8?
-14035
What is 1110010101 (base 2) in base 13?
557
Convert -5503 (base 6) to base 10.
-1263
What is -97b (base 12) in base 13?
-830
-8509 (base 13) to base 15
-56da
What is 13421 (base 5) in base 15?
4e1
What is 433 (base 5) in base 6?
314
12b4 (base 12) to base 5
32102
Convert 4721 (base 12) to base 13.
3802
Convert -35653 (base 7) to base 15.
-2b1a
-1304 (base 6) to base 11
-279
-161332 (base 7) to base 11
-21922
120 (base 3) to base 16
f
What is -33121021 (base 4) in base 12?
-305a1
6 (base 8) to base 3
20
What is 1409 (base 10) in base 3?
1221012
What is 18b3 (base 14) in base 5?
120334
Convert -11243 (base 5) to base 15.
-39d
-90b (base 12) to base 3
-1210102
What is -52c0 (base 16) in base 5?
-1134214
What is 7386 (base 10) in base 14?
2998
What is 95d1 (base 14) in base 2?
110010100000011
What is 57 (base 16) in base 2?
1010111
What is 3cb9 (base 13) in base 14?
32a7
Convert -17554 (base 11) to base 4.
-12000232
15380 (base 9) to base 4
2210121
-1989 (base 12) to base 2
-110000111001
-43b (base 12) to base 13
-38c
What is 92d (base 14) in base 4?
130031
2553 (base 11) to base 12
1b11
-19565 (base 13) to base 16
-c06e
Convert -2331 (base 5) to base 13.
-203
What is 14336 (base 8) in base 11?
4868
Convert -11011022 (base 3) to base 12.
-1908
Convert 736 (base 13) to base 3.
1200111
Convert -13db (base 14) to base 5.
-103100
131455 (base 6) to base 14
4575
Convert -12405 (base 7) to base 11.
-251a
What is 142 (base 7) in base 9?
87
Convert -414041 (base 5) to base 7.
-54533
What is -111111221 (base 3) in base 5?
-303403
11401 (base 5) to base 3
1011112
What is 140 (base 10) in base 8?
214
Convert -280 (base 9) to base 12.
-176
What is -101111 (base 2) in base 6?
-115
What is -100000100111111 (base 2) in base 16?
-413f
Convert -264 (base 13) to base 14.
-220
Convert -1133 (base 11) to base 2.
-10111010000
15140 (base 7) to base 5
113233
31fb (base 16) to base 13
5a93
Convert -12221 (base 4) to base 13.
-269
-626 (base 8) to base 11
-33a
-a2a (base 14) to base 2
-11111001110
Convert 245 (base 7) to base 8.
203
11a (base 11) to base 14
a2
What is -1000111100 (base 2) in base 15?
-282
What is 23003 (base 4) in base 15?
322
Convert -3134 (base 5) to base 15.
-1ce
What is 161a9 (base 12) in base 4?
13222101
Convert -12022202 (base 3) to base 10.
-3881
215500 (base 7) to base 16
9457
What is 311313 (base 4) in base 10?
3447
Convert 50a (base 11) to base 5.
4430
-1210210011 (base 3) to base 13
-13258
What is 624 (base 13) in base 15?
499
4774 (base 12) to base 7
32230
955 (base 13) to base 9
2157
Convert 733 (base 8) to base 15.
21a
What is -2010102 (base 3) in base 8?
-3016
Convert 1342421 (base 5) to base 16.
6cd5
-646 (base 7) to base 15
-16d
What is -1807 (base 9) in base 10?
-1384
Convert -14330 (base 7) to base 15.
-127b
Convert -1110101100101 (base 2) to base 14.
-2a57
Convert -3000211 (base 4) to base 5.
-343300
-14332 (base 8) to base 12
-3822
What is -406 (base 8) in base 2?
-100000110
What is 1201331 (base 4) in base 6?
45005
Convert -34103 (base 9) to base 5.
-1211213
2321011 (base 4) to base 13
5512
Convert -2931 (base 15) to base 11.
-669a
-1a49 (base 14) to base 10
-4769
Convert -24422 (base 9) to base 15.
-4cc2
Convert -200010000 (base 3) to base 8.
-31623
Convert -9170 (base 10) to base 3.
-110120122
16284 (base 10) to base 4
3332130
What is -c82 (base 14) in base 8?
-4642
1221102100 (base 3) to base 4
21111012
-10101000000011 (base 2) to base 12
-6283
What is 10377 (base 10) in base 13?
4953
Convert 16a1 (base 11) to base 12.
1308
Convert -69f (base 16) to base 7.
-4641
Convert 100011010111110 (base 2) to base 14.
6858
-36 (base 8) to base 5
-110
43 (base 15) to base 4
333
-47c (base 15) to base 11
-845
Convert 6102 (base 7) to base 2.
100000111101
Convert 110021 (base 5) to base 14.
1529
Convert 1232040 (base 5) to base 7.
130013
What is 15 (base 6) in base 5?
21
What is -4207 (base 10) in base 13?
-1bb8
-3330 (base 5) to base 4
-13101
-302a (base 15) to base 6
-115021
Convert -3c7 (base 13) to base 6.
-3034
Convert -20798 (base 10) to base 6.
-240142
-232 (base 6) to base 3
-10102
What is 3990 (base 12) in base 10?
6588
What is -421104 (base 6) in base 4?
-20102200
What is 9 (base 14) in base 8?
11
-2231 (base 8) to base 14
-601
What is a2a3 (base 11) in base 12?
7aa9
What is -9ab (base 12) in base 2?
-10110010011
13735 (base 8) to base 9
8337
Convert 6816 (base 11) to base 14.
33ab
What is -2070 (base 9) in base 7?
-4302
What is -114 (base 10) in base 14?
-82
What is 2011020 (base 3) in base 14?
804
-45 (base 16) to base 13
-54
What is -164b (base 12) in base 7?
-10505
What is -755 (base 9) in base 2?
-1001101001
11100010100110 (base 2) to base 13
67a7
Convert -4261 (base 10) to base 16.
-10a5
What is -7316 (base 9) in base 11?
-4034
-11520 (base 10) to base 14
-42ac
-253e (base 15) to base 2
-1111011111110
11023200 (base 4) to base 8
51340
Convert -11033 (base 6) to base 8.
-2775
Convert 32312 (base 5) to base 12.
133b
Convert -103013 (base 4) to base 2.
-10011000111
Convert -410024 (base 5) to base 2.
-11001101010011
-50 (base 16) to base 15
-55
399 (base 11) to base 14
259
What is -20333 (base 4) in base 7?
-1451
Convert -1111120112 (base 3) to base 15.
-8b6e
What is 152 (base 15) in base 8?
456
Convert -545423 (base 6) to base 2.
-1011000011110111
Convert 1002202 (base 4) to base 16.
10a2
Convert 11011000110 (base 2) to base 6.
12010
8220 (base 11) to base 14
3d96
What is -25b0 (base 13) in base 8?
-12406
Convert 1370 (base 9) to base 12.
723
13312 (base 4) to base 13
2c8
What is -5072 (base 14) in base 6?
-143552
What is -100222012 (base 3) in base 13?
-3401
Convert 470 (base 10) to base 4.
13112
86cb (base 15) to base 10
28541
Convert -5b8 (base 13) to base 15.
-466
What is 13b (base 14) in base 11?
207
-101010 (base 2) to base 14
-30
Convert 2220 (base 12) to base 11.
2916
What is -1011110000110001 (base 2) in base 5?
-3020